8 + -13. Suppose -4*c = c - l. Suppose 0*i + r + 5 = i, c*i = -4*r + 15. Calculate the remainder when i is divided by 3.
2
Suppose 2*i + 2 = -2. What is the remainder when (-51)/i - 2/4 is divided by 13?
12
Suppose -5*y + 20 + 115 = 0. Calculate the remainder when 106 is divided by y.
25
Suppose -4*m + 260 = m. Let f = m + -6. Calculate the remainder when f is divided by 24.
22
Let r = -6 + 10. What is the remainder when 7 is divided by r?
3
Suppose 0 = 5*w - 3*o - 340, -2*w - 4*o + 167 = o. What is the remainder when w is divided by 24?
23
Let o(j) = -j**3 + 7*j**2 + j + 1. Suppose 6*m + 0*m = 66. Calculate the remainder when o(6) is divided by m.
10
Suppose 15 = 5*g, -171 = -3*d + 4*g + 507. Calculate the remainder when 90 is divided by (-3)/(-2)*d/15.
21
Let z(a) = 3*a - 1. Let r be z(2). Suppose -r*m + 11 = -4. Calculate the remainder when 9 is divided by m.
0
Let v(r) = -r**2 + 6*r + 3. Let s be v(6). Suppose 2*y = y + s. Calculate the remainder when 10 is divided by y.
1
Suppose 4*k + 2 + 0 = -2*a, 5*k + 4*a + 10 = 0. Suppose k*o - 24 = -o. Calculate the remainder when 29 is divided by o.
5
Let l = 17 + 9. Suppose -7*j + l = -5*j. What is the remainder when j is divided by 5?
3
Let u(c) = 2*c**2 - 4*c - 6. Calculate the remainder when u(7) is divided by 13.
12
Suppose 5 = -n - 3*w, 4*n - 60 = w + 3*w. What is the remainder when 18 is divided by n?
8
Let f be 41/4*-2*2. Let s = -24 - f. Calculate the remainder when 1*21*(-14)/(-6) is divided by s.
15
Suppose -10*d + 31 = -9*d. Calculate the remainder when 122 is divided by d.
29
Suppose -19*c + 17*c = -40. Suppose 0 = 5*a + 5*b - 60, 4*a + b + 2*b = 47. Calculate the remainder when c is divided by a.
9
Suppose -3*b + 2*r - 6*r = -21, 0 = -5*b - 5*r + 35. What is the remainder when 13 is divided by b?
6
Let c(a) = -2*a - 5. Suppose 0 = -2*r + 4 - 18. Calculate the remainder when 33 is divided by c(r).
6
Let o = -4 - -11. What is the remainder when 23 is divided by o + (-1 - 6/(-3))?
7
Let j = 6 + -7. Let f = 1 - j. What is the remainder when 34 is divided by (-148)/(-8) + (-1)/f?
16
Let z = 4 - 0. Suppose -f = -z*f + 51. What is the remainder when 50 is divided by f?
16
Suppose 0 = 4*o - 504 - 528. Calculate the remainder when o is divided by 26.
24
Suppose -2*i - 23 = -3*i. Suppose 0 = 3*o - 4*o + i. Suppose 1 - o = -v. What is the remainder when v is divided by 12?
10
Let a be (-1*6)/(1 - 0). Let h = 0 - a. What is the remainder when 3 is divided by (8/h)/((-4)/(-6))?
1
Let b be 1/((0 + -1)/(-37)). Suppose -2*f + 20 = -22. Let k = b - f. Calculate the remainder when 30 is divided by k.
14
Let i = 54 - 30. What is the remainder when i is divided by 13?
11
Let b = 27 + 8. Calculate the remainder when 136 is divided by b.
31
Let f = -12 + 10. Calculate the remainder when f + (-6 - -3 - -27) is divided by 6.
4
Suppose 0 = -2*l + 4*y + 20, 3*l - 33 = -2*y + 21. What is the remainder when l is divided by 9?
7
Suppose 0*c = c - 42. What is the remainder when 124 is divided by c?
40
Suppose 3*v - 3*m - 3 = 12, -10 = 2*v + 2*m. Suppose v = -5*i - 9 + 39. Calculate the remainder when 10 is divided by i.
4
Calculate the remainder when 66 is divided by (27 - (-14 - -6))*(2 - 1).
31
Calculate the remainder when 1*(20 - (3 + -2 + 2)) is divided by 9.
8
Suppose -2*r = -2*b - 30, 3*b + 30 = 5*r - 35. Calculate the remainder when 48 is divided by r.
8
Let q(i) = i**3 + 5*i**2 - 9*i - 8. Let w = 3 - -1. Calculate the remainder when q(-6) is divided by w.
2
Let l(a) be the second derivative of a**5/20 + a**4/3 + a**3/3 + 6*a. Calculate the remainder when 4 is divided by l(-3).
1
Suppose -4*s - 22 + 6 = 0. Let n(l) = 2*l**2 + 3*l + 2. Let u = 25 + -13. Calculate the remainder when n(s) is divided by u.
10
Let h(g) = g**3 + g**2 + g + 7. Suppose -12 = 4*f - 0*l + 2*l, 5*f - 4*l + 15 = 0. Calculate the remainder when ((-6)/4)/(f/38) is divided by h(0).
5
Let b be (-8)/2 - 2/(-1). Let r be 3/b - (-58)/(-4). Calculate the remainder when 7 is divided by r/(-6) - (-2)/6.
1
Let r = -1 + 5. What is the remainder when 31 is divided by 8/((14/r)/7)?
15
Suppose 0 = -2*r - 5*y + 111, 5*r + 65 = 3*y + 265. What is the remainder when r is divided by 22?
21
Let x = -68 - -71. What is the remainder when x is divided by 3?
0
Suppose -9*t + 12*t = 3. Let c = t - -34. Calculate the remainder when c is divided by 12.
11
Suppose 3*c + 5 + 13 = 0. Calculate the remainder when 47 is divided by 4*(-2)/4*c.
11
Suppose -5*f + 4*g = 3*g + 31, 2*f - 6 = 5*g. Let k(s) = -s. Let a(j) = j**2 + 7*j + 9. Calculate the remainder when k(f) is divided by a(-6).
1
Suppose 3*y - 3*b + b = -4, -2*y - 5*b + 29 = 0. What is the remainder when 3 + 7 + -1*y is divided by 5/30 + 17/6?
2
Suppose 0 = 5*j - 172 + 52. Suppose 26 = 5*a - j. Calculate the remainder when 29 is divided by a.
9
Suppose q - 1 = 2*o, -4*o - 5*q - 2 = -7. Suppose 0 = -2*x - 6, d - 4*x + o*x - 49 = 0. Calculate the remainder when d is divided by 10.
7
Suppose 2*j + 150 = 5*a, 9*j = 4*a + 4*j - 137. Let u = 30 - 50. Let f = a + u. What is the remainder when 23 is divided by f?
7
Let z = -75 - -143. Calculate the remainder when z is divided by 23.
22
Suppose -53 = 5*k - 313. What is the remainder when 14*(k/8 - 0) is divided by 23?
22
Let v = -32 + 41. Let p(y) be the second derivative of 2*y**3/3 + 5*y**2/2 - 2*y. Calculate the remainder when p(5) is divided by v.
7
Suppose 0 = 2*r - 4*u + 4 + 16, -r = -5*u + 25. Suppose h - 5*h + 116 = r. Calculate the remainder when h is divided by 16.
13
Suppose 17 + 13 = 5*i. Suppose -5*a - 2*q + 114 = i, a - 26 = 4*q. What is the remainder when a is divided by (-12 + 2)*12/(-10)?
10
Let j = -149 - -177. Calculate the remainder when j is divided by 15.
13
What is the remainder when ((-1)/2)/((-3)/318) is divided by 20?
13
Suppose u = -2, -5*f + 2*f = 5*u + 4. Suppose f + 10 = o. Suppose -5*t - 4*a - 1 = 0, 3*a + 6 = 2*t - o. Calculate the remainder when t is divided by 1.
0
Let t(r) = -r**2 + 2. Let v be t(2). Calculate the remainder when 20 is divided by (6/12)/(v/(-28)).
6
Let y = -27 + -3. Let l be (-1)/((9/y)/(-3)). Let w(a) = -a + 5. Calculate the remainder when 27 is divided by w(l).
12
Suppose i = y + 6*i + 8, 3*y + 2*i + 11 = 0. Let g(l) = -l**2 - 4*l - 2. Let b = 0 + 2. What is the remainder when b is divided by g(y)?
0
Let j(m) = -108*m - 7. Calculate the remainder when j(-1) is divided by 13.
10
Let q = -80 + 97. Calculate the remainder when 27 is divided by q.
10
Let t(i) = i**2 - 3*i - 2. Let h(v) = -v**2 + 3*v + 5. Let f be h(4). Suppose 16 = 3*d + f. What is the remainder when 22 is divided by t(d)?
6
Let r(y) = -3*y - 1. Calculate the remainder when r(-10) is divided by 15.
14
Let m = -22 - -36. Calculate the remainder when -1*(0 - 1 - 25) is divided by m.
12
Let g = -53 - -75. What is the remainder when 41 is divided by g?
19
Let c(f) = -12*f - 1. What is the remainder when c(-7) is divided by 21?
20
Let b(s) = 20*s**3 - s**2 + 2*s - 1. Let x be b(1). Let a = x + -13. What is the remainder when 20 is divided by a?
6
Let z = 138 - 78. Calculate the remainder when z is divided by 9.
6
Suppose 2*p = -4*p + 132. What is the remainder when 85 is divided by p?
19
Let o = -10 - -23. Calculate the remainder when 36 is divided by o.
10
Suppose -3*p - s = -2*s - 56, 3*s = -3*p + 36. Calculate the remainder when p is divided by 5.
2
Let c be (-25)/(-2)*(-48)/10. Let d = -42 - c. Let v = 1 + d. What is the remainder when 37 is divided by v?
18
Let p(t) = 6*t + 6*t - t**3 - 3 + 5 - 6*t**2. What is the remainder when p(-8) is divided by 12?
10
Calculate the remainder when 187 is divided by (0/1 - -3)/(61/427).
19
Let u(f) = f**2 + 3*f + 14. Let i(x) = x**2 - x + 26. Calculate the remainder when u(8) is divided by i(0).
24
Suppose 0 = 3*w - 7 - 5. Suppose -5*v = w*r - 57, -r + 3 = -0. Calculate the remainder when 35 is divided by v.
8
Let x(p) = 3*p**2 + 12*p + 2. Let a = 16 - 7. Calculate the remainder when x(-5) is divided by a.
8
Let b be ((-2)/5)/(2/80). Let k = b - -34. Suppose -2*o = -32 - k. Calculate the remainder when o is divided by 9.
7
Let y(l) = 22*l**2 - l - 1. Suppose -3*k - 4*u = 126 + 126, 4*u + 84 = -k. Let z = -19 - k. Calculate the remainder when z is divided by y(-1).
21
Suppose 9*t - 7*t = -8, p + 4*t - 120 = 0. Wh